{"id":129,"date":"2018-02-02T10:40:27","date_gmt":"2018-02-02T07:40:27","guid":{"rendered":"http:\/\/www.siberguvenlikzirvesi.org.tr\/2018\/?page_id=129"},"modified":"2018-02-02T10:40:27","modified_gmt":"2018-02-02T07:40:27","slug":"basin-bulteni","status":"publish","type":"page","link":"https:\/\/www.siberguvenlikzirvesi.org.tr\/2018\/basin-bulteni","title":{"rendered":"Bas\u0131n B\u00fclteni"},"content":{"rendered":"<p style=\"text-align: right;\"><strong>15 Ocak 2017<\/strong><\/p>\n<p style=\"text-align: center;\"><strong>TBD, S\u0130BER G\u00dcVENL\u0130KTE ORTAK AKIL \u0130\u00c7\u0130N HAREKETE GE\u00c7T\u0130<\/strong><\/p>\n<p style=\"text-align: center;\"><strong>\u00a0<\/strong><strong>TBD GENEL BA\u015eKANI RAHM\u0130 AKTEPE:<\/strong><\/p>\n<p style=\"text-align: center;\"><strong>\u00a0<\/strong><strong>\u201cSAVA\u015eLAR ARTIK SAHADA DE\u011e\u0130L B\u0130LG\u0130SAYAR BA\u015eINDA YAPILIYOR\u201d<\/strong><\/p>\n<p style=\"text-align: center;\"><strong>\u00a0<\/strong><strong>\u201cT\u00dcRK\u0130YE\u2019N\u0130N ULUSAL G\u00dcVENL\u0130\u011e\u0130 \u0130\u00c7\u0130N YERL\u0130 VE M\u0130LL\u0130 S\u0130BER G\u00dcVENL\u0130K \u015eART\u201d<\/strong><\/p>\n<p>&nbsp;<\/p>\n<p>T\u00fcrkiye Bili\u015fim Derne\u011fi (TBD), \u00fclkelerin ulusal g\u00fcvenli\u011fi i\u00e7in hayati \u00f6neme sahip olan siber g\u00fcvenlik i\u00e7in harekete ge\u00e7iyor. Dernek, konunun t\u00fcm taraflar\u0131n\u0131 2018 Siber G\u00fcvenlik Ekosisteminin Geli\u015ftirilmesi Zirvesi\u2019nde bulu\u015fturmaya haz\u0131rlan\u0131yor. 13 \u015eubat\u2019ta Bilgi Teknolojileri ve \u0130leti\u015fim Kurumu\u2019nda (BTK) ger\u00e7ekle\u015ftirilecek zirvenin a\u00e7\u0131l\u0131\u015f konu\u015fmalar\u0131n\u0131 Ula\u015ft\u0131rma, Denizcilik ve Haberle\u015fme(UHD) Bakan\u0131 Ahmet Arslan, BTK Ba\u015fkan\u0131 Dr. \u00d6mer Fatih Sayan, Bilgi G\u00fcvenli\u011fi Derne\u011fi(BGD) Ba\u015fkan\u0131 Ahmet Hamdi Atalay ile TBD Genel Ba\u015fkan\u0131 Rahmi Aktepe yapacak. Aktepe, \u201cArt\u0131k sava\u015flar sahada de\u011fil bilgisayar ba\u015f\u0131nda yap\u0131l\u0131yor. Siber g\u00fcvenlik bir ulusal g\u00fcvenlik meselesi. Yerli ve \u00f6zg\u00fcn siber g\u00fcvenlik teknolojileri geli\u015ftirmeli ve bunu yapabilecek milli kabiliyetlere, nitelikli insan kayna\u011f\u0131na yat\u0131r\u0131m yapmal\u0131y\u0131z. Zirvenin en \u00f6nemli hedefi bu konuda ortak ak\u0131lla bir sinerji olu\u015fturmak\u201d dedi.<\/p>\n<p>&nbsp;<\/p>\n<p><strong>KR\u0130T\u0130K KONULAR MASAYA YATIRILACAK<br \/>\n<\/strong>2018 Siber G\u00fcvenlik Ekosisteminin Geli\u015ftirilmesi Zirvesinde, \u201c2016-2019 Siber G\u00fcvenlik Strateji ve Eylem Plan\u0131\u201d \u00e7er\u00e7evesinde yap\u0131lan ve yap\u0131lmas\u0131 gereken eylemler siber g\u00fcvenlik ekosisteminin geli\u015ftirilmesi amac\u0131yla masaya yat\u0131r\u0131lacak. Siber g\u00fcvenli\u011fin insan, teknoloji, yasal mevzuat, sosyal hayat gibi alanlara yans\u0131malar\u0131, tart\u0131\u015fmac\u0131lar taraf\u0131ndan g\u00fcndeme getirilecek. Zirvenin bir \u00f6nemli aya\u011f\u0131n\u0131 da yerli teknolojiler olu\u015fturacak.\u00a0 Bu kapsamda, yerli teknolojilerin geli\u015ftirilmesi ve kritik altyap\u0131larda daha \u00e7ok yerli donan\u0131ma yer verilebilmesi i\u00e7in gereken ad\u0131mlar de\u011ferlendirilecek. T\u00fcm g\u00fcn s\u00fcrecek toplant\u0131larda\u00a0 \u201ckritik altyap\u0131lar-telekom sekt\u00f6r\u00fc, yerli teknolojilerinin \u00f6nemi, STK\u2019lar\u0131n siber g\u00fcvenlikteki konumu, kamuda siber g\u00fcvenlik fark\u0131ndal\u0131\u011f\u0131 ve nitelikli insan kayna\u011f\u0131\u201d\u00a0 ba\u015fl\u0131klar\u0131nda oturumlar d\u00fczenlenecek.<\/p>\n<p>&nbsp;<\/p>\n<p><strong>S\u0130BER TEHD\u0130TLER ULUSAL G\u00dcVENL\u0130\u011e\u0130M\u0130Z TEHD\u0130T EDER HALE GELD\u0130<br \/>\n<\/strong>De\u011fi\u015fen d\u00fcnya ko\u015fullar\u0131nda siber g\u00fcvenli\u011fin art\u0131k bir ulusal g\u00fcvenlik konusu oldu\u011funu belirten TBD Genel Ba\u015fkan\u0131 Rahmi Aktepe,\u00a0 bu alandaki gecikmenin telafi edilemez zararlar verebilece\u011fine dikkat \u00e7ekti. Aktepe \u201c Art\u0131k sava\u015flar meydanlarda de\u011fil, bilgisayar ba\u015flar\u0131nda yap\u0131l\u0131yor. Bunun en \u00f6nemli alanlar\u0131ndan birini de siber g\u00fcvenlik olu\u015fturuyor. T\u00fcrkiye\u2019nin g\u00fcvenli\u011fi i\u00e7in, yerli ve \u00f6zg\u00fcn siber g\u00fcvenlik teknolojilerinin geli\u015ftirilmesi gerekiyor. Bunun i\u00e7in gerekli olan altyap\u0131m\u0131z mevcut. Ancak altyap\u0131n\u0131n olmas\u0131 yeterli de\u011fil, bu konudaki \u00e7al\u0131\u015fmalar\u0131n her g\u00fcn g\u00fcncellenip, hep ileriye ta\u015f\u0131nmas\u0131 gerekiyor. Siber g\u00fcvenlik i\u00e7in ihtiyac\u0131m\u0131z olan di\u011fer \u00f6nemli konu ise ortak ak\u0131l olu\u015fturmakt\u0131r. Zirveyi de bu nedenle topluyoruz. Amac\u0131m\u0131z bir sinerji olu\u015fturup siber g\u00fcvenlikte bo\u015fluk b\u0131rakmayacak \u015fekilde ta\u015flar\u0131n yerine oturtulmas\u0131n\u0131 sa\u011flamak\u201d dedi.<\/p>\n<p>Aktepe \u015fu ifadeleri kulland\u0131:<\/p>\n<p>&nbsp;<\/p>\n<p><strong>S\u0130BER UZAY GEN\u0130\u015eLED\u0130<br \/>\n<\/strong>\u201cBili\u015fim teknolojileri, ya\u015fant\u0131m\u0131z\u0131n ayr\u0131lmaz bir par\u00e7as\u0131 haline geldi. \u00d6zel ve kamu kurumlar\u0131n\u0131n dijital d\u00f6n\u00fc\u015f\u00fcmleri, siber tehditlerin h\u0131zla artmas\u0131, siber uzay\u0131n da geni\u015flemesine neden oldu. Geldi\u011fimiz noktada \u201csiber g\u00fcvenli\u011fi\u201d yok sayarak hareket etmek, hayat\u0131n ola\u011fan ak\u0131\u015f\u0131na ayk\u0131r\u0131 d\u00fc\u015f\u00fcyor. TBD olarak, ulusal siber g\u00fcvenlik ekosisteminin geli\u015ftirilmesi i\u00e7in \u00f6ncelikle yasal \u00e7er\u00e7evenin olu\u015fturulmas\u0131, ihtiya\u00e7 duyulan siber g\u00fcvenlik teknolojilerinin belirlenmesi, Ar-Ge te\u015fvik ve destek mekanizmalar\u0131n\u0131n \u015fekillendirilmesi ve siber g\u00fcvenlik uzmanl\u0131\u011f\u0131 alan\u0131nda \u00fclkemizde ihtiya\u00e7 duyulan nitelikli insan kayna\u011f\u0131n\u0131n yeti\u015ftirilmesine y\u00f6nelik programlar\u0131n ivedilikle ger\u00e7ekle\u015ftirilmesi gerekti\u011fine inan\u0131yoruz. Bu etkinlikle de, gerek kurumsal, gerekse bireysel d\u00fczeyde siber g\u00fcvenlik fark\u0131ndal\u0131\u011f\u0131n\u0131n art\u0131r\u0131lmas\u0131n\u0131 sa\u011flayaca\u011f\u0131z. O nedenle T\u00fcrkiye\u2019nin bili\u015fimine 46 y\u0131ld\u0131r y\u00f6ne veren TBD\u2019nin Genel Ba\u015fkan\u0131 olarak t\u00fcm payda\u015flar\u0131, zirvemize davet ediyorum.\u201d<\/p>\n","protected":false},"excerpt":{"rendered":"<p>15 Ocak 2017 TBD, S\u0130BER G\u00dcVENL\u0130KTE ORTAK AKIL \u0130\u00c7\u0130N HAREKETE GE\u00c7T\u0130 \u00a0TBD GENEL BA\u015eKANI RAHM\u0130 AKTEPE: \u00a0\u201cSAVA\u015eLAR ARTIK SAHADA DE\u011e\u0130L B\u0130LG\u0130SAYAR BA\u015eINDA YAPILIYOR\u201d \u00a0\u201cT\u00dcRK\u0130YE\u2019N\u0130N ULUSAL G\u00dcVENL\u0130\u011e\u0130<span class=\"excerpt-hellip\"> [\u2026]<\/span><\/p>\n","protected":false},"author":1,"featured_media":0,"parent":0,"menu_order":0,"comment_status":"closed","ping_status":"closed","template":"","meta":{"footnotes":""},"class_list":["post-129","page","type-page","status-publish","hentry"],"_links":{"self":[{"href":"https:\/\/www.siberguvenlikzirvesi.org.tr\/2018\/wp-json\/wp\/v2\/pages\/129","targetHints":{"allow":["GET"]}}],"collection":[{"href":"https:\/\/www.siberguvenlikzirvesi.org.tr\/2018\/wp-json\/wp\/v2\/pages"}],"about":[{"href":"https:\/\/www.siberguvenlikzirvesi.org.tr\/2018\/wp-json\/wp\/v2\/types\/page"}],"author":[{"embeddable":true,"href":"https:\/\/www.siberguvenlikzirvesi.org.tr\/2018\/wp-json\/wp\/v2\/users\/1"}],"replies":[{"embeddable":true,"href":"https:\/\/www.siberguvenlikzirvesi.org.tr\/2018\/wp-json\/wp\/v2\/comments?post=129"}],"version-history":[{"count":1,"href":"https:\/\/www.siberguvenlikzirvesi.org.tr\/2018\/wp-json\/wp\/v2\/pages\/129\/revisions"}],"predecessor-version":[{"id":130,"href":"https:\/\/www.siberguvenlikzirvesi.org.tr\/2018\/wp-json\/wp\/v2\/pages\/129\/revisions\/130"}],"wp:attachment":[{"href":"https:\/\/www.siberguvenlikzirvesi.org.tr\/2018\/wp-json\/wp\/v2\/media?parent=129"}],"curies":[{"name":"wp","href":"https:\/\/api.w.org\/{rel}","templated":true}]}}