{"id":486,"date":"2021-01-11T18:15:06","date_gmt":"2021-01-11T15:15:06","guid":{"rendered":"https:\/\/www.siberguvenlikzirvesi.org.tr\/2021\/?page_id=486"},"modified":"2021-01-21T14:54:49","modified_gmt":"2021-01-21T11:54:49","slug":"bulut-bilisim-ve-guvenligi","status":"publish","type":"page","link":"https:\/\/www.siberguvenlikzirvesi.org.tr\/2021\/egitimler\/bulut-bilisim-ve-guvenligi","title":{"rendered":"Bulut Bili\u015fim ve G\u00fcvenli\u011fi"},"content":{"rendered":"<h3><strong><img loading=\"lazy\" decoding=\"async\" class=\"aligncenter size-full wp-image-580\" src=\"https:\/\/www.siberguvenlikzirvesi.org.tr\/2021\/wp-content\/uploads\/2021\/01\/egitim-3.jpg\" alt=\"\" width=\"1200\" height=\"665\" srcset=\"https:\/\/www.siberguvenlikzirvesi.org.tr\/2021\/wp-content\/uploads\/2021\/01\/egitim-3.jpg 1200w, https:\/\/www.siberguvenlikzirvesi.org.tr\/2021\/wp-content\/uploads\/2021\/01\/egitim-3-300x166.jpg 300w, https:\/\/www.siberguvenlikzirvesi.org.tr\/2021\/wp-content\/uploads\/2021\/01\/egitim-3-1024x567.jpg 1024w, https:\/\/www.siberguvenlikzirvesi.org.tr\/2021\/wp-content\/uploads\/2021\/01\/egitim-3-768x426.jpg 768w, https:\/\/www.siberguvenlikzirvesi.org.tr\/2021\/wp-content\/uploads\/2021\/01\/egitim-3-260x144.jpg 260w, https:\/\/www.siberguvenlikzirvesi.org.tr\/2021\/wp-content\/uploads\/2021\/01\/egitim-3-50x28.jpg 50w, https:\/\/www.siberguvenlikzirvesi.org.tr\/2021\/wp-content\/uploads\/2021\/01\/egitim-3-135x75.jpg 135w\" sizes=\"auto, (max-width:767px) 480px, (max-width:1200px) 100vw, 1200px\" \/>BULUT B\u0130L\u0130\u015e\u0130M ve G\u00dcVENL\u0130\u011e\u0130<\/strong><\/h3>\n<p>Dijital d\u00f6n\u00fc\u015f\u00fcm teknolojilerinin ba\u015f\u0131nda yer alan ve \u00f6zelliklede KOV\u0130D-19 Pandemisi s\u00fcrecinde uzaktan e\u011fitim ve\/veya evde \u00e7al\u0131\u015fma gibi uygulamalarda kurumlara \u00f6nemli avantajlar sunmas\u0131 nedeniyle kullan\u0131m\u0131 h\u0131zla yayg\u0131nla\u015fan Bulut Bili\u015fim ve G\u00fcvenli\u011fi hakk\u0131nda temel bilgileri ve uygulamada dikkat edilmesi gereken hususlar\u0131 i\u00e7eren bir e\u011fitimdir.<\/p>\n<p><strong>S\u00fcresi:<\/strong> 1.5 Saat<\/p>\n<p><strong>E\u011fitmen:<\/strong> Dr. Ziya KARAKAYA, TBD Akademi ve Atl\u0131m \u00dcniversitesi \u00d6\u011fretim \u00dcyesi<\/p>\n<p><strong>E\u011fitim \u0130\u00e7eri\u011fi:<\/strong><\/p>\n<ul>\n<li>Bulut Bili\u015fim&#8217;den ne anlamal\u0131y\u0131m? Ne ama\u00e7la ve nas\u0131l kullanabilirim?<\/li>\n<li>Bir Giri\u015fimci olarak b\u00fcy\u00fck \u015firketlerle rekabet edebilmem i\u00e7in Bulut bana nas\u0131l f\u0131rsat e\u015fitli\u011fi sa\u011flar?<\/li>\n<li>Bulut&#8217;u kullan\u0131rken nelere dikkat etmeliyim?<\/li>\n<li>Verilerimin g\u00fcvenli\u011fini sa\u011flayabilirmiyim?<\/li>\n<li>\u015eirketimin bili\u015fim altyap\u0131s\u0131n\u0131 Bulut&#8217;a aktarsam bana ne faydas\u0131 olur?<\/li>\n<li>Bulut&#8217;a ge\u00e7ince Siberg\u00fcvenlik risklerim artar m\u0131, azal\u0131r m\u0131? Neden?<\/li>\n<\/ul>\n<p><strong>KATILIM ve KAYIT :<\/strong> <a href=\"https:\/\/attendee.gotowebinar.com\/register\/4795467600417042955\" target=\"_blank\" rel=\"noopener\">https:\/\/attendee.gotowebinar.com\/register\/4795467600417042955<\/a><\/p>\n","protected":false},"excerpt":{"rendered":"<p>BULUT B\u0130L\u0130\u015e\u0130M ve G\u00dcVENL\u0130\u011e\u0130 Dijital d\u00f6n\u00fc\u015f\u00fcm teknolojilerinin ba\u015f\u0131nda yer alan ve \u00f6zelliklede KOV\u0130D-19 Pandemisi s\u00fcrecinde uzaktan e\u011fitim ve\/veya evde \u00e7al\u0131\u015fma gibi uygulamalarda kurumlara \u00f6nemli avantajlar sunmas\u0131<span class=\"excerpt-hellip\"> [\u2026]<\/span><\/p>\n","protected":false},"author":1,"featured_media":580,"parent":480,"menu_order":0,"comment_status":"closed","ping_status":"closed","template":"","meta":{"rs_blank_template":"","rs_page_bg_color":"","slide_template_v7":"","footnotes":""},"class_list":["post-486","page","type-page","status-publish","has-post-thumbnail","hentry"],"_links":{"self":[{"href":"https:\/\/www.siberguvenlikzirvesi.org.tr\/2021\/wp-json\/wp\/v2\/pages\/486","targetHints":{"allow":["GET"]}}],"collection":[{"href":"https:\/\/www.siberguvenlikzirvesi.org.tr\/2021\/wp-json\/wp\/v2\/pages"}],"about":[{"href":"https:\/\/www.siberguvenlikzirvesi.org.tr\/2021\/wp-json\/wp\/v2\/types\/page"}],"author":[{"embeddable":true,"href":"https:\/\/www.siberguvenlikzirvesi.org.tr\/2021\/wp-json\/wp\/v2\/users\/1"}],"replies":[{"embeddable":true,"href":"https:\/\/www.siberguvenlikzirvesi.org.tr\/2021\/wp-json\/wp\/v2\/comments?post=486"}],"version-history":[{"count":6,"href":"https:\/\/www.siberguvenlikzirvesi.org.tr\/2021\/wp-json\/wp\/v2\/pages\/486\/revisions"}],"predecessor-version":[{"id":581,"href":"https:\/\/www.siberguvenlikzirvesi.org.tr\/2021\/wp-json\/wp\/v2\/pages\/486\/revisions\/581"}],"up":[{"embeddable":true,"href":"https:\/\/www.siberguvenlikzirvesi.org.tr\/2021\/wp-json\/wp\/v2\/pages\/480"}],"wp:featuredmedia":[{"embeddable":true,"href":"https:\/\/www.siberguvenlikzirvesi.org.tr\/2021\/wp-json\/wp\/v2\/media\/580"}],"wp:attachment":[{"href":"https:\/\/www.siberguvenlikzirvesi.org.tr\/2021\/wp-json\/wp\/v2\/media?parent=486"}],"curies":[{"name":"wp","href":"https:\/\/api.w.org\/{rel}","templated":true}]}}