{"id":455,"date":"2022-01-18T14:45:02","date_gmt":"2022-01-18T11:45:02","guid":{"rendered":"https:\/\/www.siberguvenlikzirvesi.org.tr\/2022\/?page_id=455"},"modified":"2023-01-16T19:23:06","modified_gmt":"2023-01-16T16:23:06","slug":"oturumlar","status":"publish","type":"page","link":"https:\/\/www.siberguvenlikzirvesi.org.tr\/2023\/oturumlar","title":{"rendered":"Oturumlar"},"content":{"rendered":"<ul>\n<li><a href=\"https:\/\/www.siberguvenlikzirvesi.org.tr\/2023\/oturumlar\/oturum-1-politika-ve-stratejiler\">Oturum-1: POL\u0130T\u0130KA ve STRATEJ\u0130LER<\/a><\/li>\n<li><a href=\"https:\/\/www.siberguvenlikzirvesi.org.tr\/2023\/oturumlar\/oturum-2-teknoloji\">Oturum-2: TEKNOLOJ\u0130<\/a><\/li>\n<li><a href=\"https:\/\/www.siberguvenlikzirvesi.org.tr\/2023\/oturumlar\/oturum-3-ekonomi-ve-girisimcilik\">Oturum-3: EKONOM\u0130 ve G\u0130R\u0130\u015e\u0130MC\u0130L\u0130K<\/a><\/li>\n<li><a href=\"https:\/\/www.siberguvenlikzirvesi.org.tr\/2023\/oturumlar\/oturum-4-uygulama-ve-cozumler\">Oturum-4: UYGULAMA ve \u00c7\u00d6Z\u00dcMLER<\/a><\/li>\n<\/ul>\n","protected":false},"excerpt":{"rendered":"<p>Oturum-1: POL\u0130T\u0130KA ve STRATEJ\u0130LER Oturum-2: TEKNOLOJ\u0130 Oturum-3: EKONOM\u0130 ve G\u0130R\u0130\u015e\u0130MC\u0130L\u0130K Oturum-4: UYGULAMA ve \u00c7\u00d6Z\u00dcMLER<\/p>\n","protected":false},"author":1,"featured_media":0,"parent":0,"menu_order":0,"comment_status":"closed","ping_status":"closed","template":"","meta":{"rs_blank_template":"","rs_page_bg_color":"","slide_template_v7":"","footnotes":""},"class_list":["post-455","page","type-page","status-publish","hentry"],"_links":{"self":[{"href":"https:\/\/www.siberguvenlikzirvesi.org.tr\/2023\/wp-json\/wp\/v2\/pages\/455","targetHints":{"allow":["GET"]}}],"collection":[{"href":"https:\/\/www.siberguvenlikzirvesi.org.tr\/2023\/wp-json\/wp\/v2\/pages"}],"about":[{"href":"https:\/\/www.siberguvenlikzirvesi.org.tr\/2023\/wp-json\/wp\/v2\/types\/page"}],"author":[{"embeddable":true,"href":"https:\/\/www.siberguvenlikzirvesi.org.tr\/2023\/wp-json\/wp\/v2\/users\/1"}],"replies":[{"embeddable":true,"href":"https:\/\/www.siberguvenlikzirvesi.org.tr\/2023\/wp-json\/wp\/v2\/comments?post=455"}],"version-history":[{"count":6,"href":"https:\/\/www.siberguvenlikzirvesi.org.tr\/2023\/wp-json\/wp\/v2\/pages\/455\/revisions"}],"predecessor-version":[{"id":844,"href":"https:\/\/www.siberguvenlikzirvesi.org.tr\/2023\/wp-json\/wp\/v2\/pages\/455\/revisions\/844"}],"wp:attachment":[{"href":"https:\/\/www.siberguvenlikzirvesi.org.tr\/2023\/wp-json\/wp\/v2\/media?parent=455"}],"curies":[{"name":"wp","href":"https:\/\/api.w.org\/{rel}","templated":true}]}}