{"id":1115,"date":"2026-03-11T15:05:12","date_gmt":"2026-03-11T12:05:12","guid":{"rendered":"https:\/\/www.siberguvenlikzirvesi.org.tr\/2026\/?page_id=1115"},"modified":"2026-03-30T17:05:20","modified_gmt":"2026-03-30T14:05:20","slug":"egitim-2","status":"publish","type":"page","link":"https:\/\/www.siberguvenlikzirvesi.org.tr\/2026\/oturumlar\/egitim-2","title":{"rendered":"Kurumsal D\u00fczeyde Yapay Zek\u00e2 Kullan\u0131m\u0131 i\u00e7in G\u00fcvenlik ve Etik \u0130lkeler"},"content":{"rendered":"<h3>E\u011e\u0130T\u0130M 2: Kurumsal D\u00fczeyde Yapay Zek\u00e2 Kullan\u0131m\u0131 i\u00e7in G\u00fcvenlik ve Etik \u0130lkeler<\/h3>\n<h4 style=\"text-align: center;\">\nKay\u0131tlar Tamamlanm\u0131\u015ft\u0131r.<\/h4>\n","protected":false},"excerpt":{"rendered":"<p>E\u011e\u0130T\u0130M 2: Kurumsal D\u00fczeyde Yapay Zek\u00e2 Kullan\u0131m\u0131 i\u00e7in G\u00fcvenlik ve Etik \u0130lkeler Kay\u0131tlar Tamamlanm\u0131\u015ft\u0131r.<\/p>\n","protected":false},"author":1,"featured_media":-1,"parent":455,"menu_order":0,"comment_status":"closed","ping_status":"closed","template":"","meta":{"rs_blank_template":"","rs_page_bg_color":"","slide_template_v7":"","footnotes":""},"class_list":["post-1115","page","type-page","status-publish","has-post-thumbnail","hentry"],"_links":{"self":[{"href":"https:\/\/www.siberguvenlikzirvesi.org.tr\/2026\/wp-json\/wp\/v2\/pages\/1115","targetHints":{"allow":["GET"]}}],"collection":[{"href":"https:\/\/www.siberguvenlikzirvesi.org.tr\/2026\/wp-json\/wp\/v2\/pages"}],"about":[{"href":"https:\/\/www.siberguvenlikzirvesi.org.tr\/2026\/wp-json\/wp\/v2\/types\/page"}],"author":[{"embeddable":true,"href":"https:\/\/www.siberguvenlikzirvesi.org.tr\/2026\/wp-json\/wp\/v2\/users\/1"}],"replies":[{"embeddable":true,"href":"https:\/\/www.siberguvenlikzirvesi.org.tr\/2026\/wp-json\/wp\/v2\/comments?post=1115"}],"version-history":[{"count":4,"href":"https:\/\/www.siberguvenlikzirvesi.org.tr\/2026\/wp-json\/wp\/v2\/pages\/1115\/revisions"}],"predecessor-version":[{"id":1152,"href":"https:\/\/www.siberguvenlikzirvesi.org.tr\/2026\/wp-json\/wp\/v2\/pages\/1115\/revisions\/1152"}],"up":[{"embeddable":true,"href":"https:\/\/www.siberguvenlikzirvesi.org.tr\/2026\/wp-json\/wp\/v2\/pages\/455"}],"wp:featuredmedia":[{"embeddable":true,"href":"https:\/\/www.siberguvenlikzirvesi.org.tr\/2026\/wp-json\/"}],"wp:attachment":[{"href":"https:\/\/www.siberguvenlikzirvesi.org.tr\/2026\/wp-json\/wp\/v2\/media?parent=1115"}],"curies":[{"name":"wp","href":"https:\/\/api.w.org\/{rel}","templated":true}]}}