{"id":849,"date":"2024-01-02T16:01:09","date_gmt":"2024-01-02T13:01:09","guid":{"rendered":"https:\/\/www.siberguvenlikzirvesi.org.tr\/2023\/?page_id=849"},"modified":"2026-03-11T15:13:28","modified_gmt":"2026-03-11T12:13:28","slug":"oturum-1","status":"publish","type":"page","link":"https:\/\/www.siberguvenlikzirvesi.org.tr\/2026\/oturumlar\/oturum-1","title":{"rendered":"Kamu ve \u00d6zel Sekt\u00f6rde Yapay Zek\u00e2 Tabanl\u0131 G\u00fcvenlik Yakla\u015f\u0131mlar\u0131"},"content":{"rendered":"<h3>OTURUM 1 : Kamu ve \u00d6zel Sekt\u00f6rde Yapay Zek\u00e2 Tabanl\u0131 G\u00fcvenlik Yakla\u015f\u0131mlar\u0131<\/h3>\n<p>Yapay zek\u00e2, g\u00fcvenlik alan\u0131nda k\u00f6kl\u00fc bir d\u00f6n\u00fc\u015f\u00fcm yarat\u0131rken hem kamu kurumlar\u0131n\u0131n hem de \u00f6zel sekt\u00f6r\u00fcn risk y\u00f6netimi, tehdit tespiti ve operasyonel g\u00fcvenlik s\u00fcre\u00e7lerini yeniden \u015fekillendiriyor. Bu oturum, yapay zek\u00e2 tabanl\u0131 g\u00fcvenlik teknolojilerinin g\u00fcn\u00fcm\u00fczde nas\u0131l konumland\u0131\u011f\u0131n\u0131, kurumlar\u0131n kar\u015f\u0131la\u015ft\u0131\u011f\u0131 f\u0131rsat ve zorluklar\u0131, etik ve hukuki \u00e7er\u00e7eveleri ile birlikte ele alarak kapsaml\u0131 bir perspektif sunmay\u0131 ama\u00e7l\u0131yor.<\/p>\n<p>Kat\u0131l\u0131mc\u0131lar; siber tehditlerin \u00f6nceden tahmin edilmesi, otonom g\u00fcvenlik mekanizmalar\u0131n\u0131n geli\u015ftirilmesi, veri gizlili\u011fi ve uyumluluk gereksinimlerinin yapay zek\u00e2 ile nas\u0131l y\u00f6netilebilece\u011fi gibi konularda uzmanlardan i\u00e7g\u00f6r\u00fcler edinecek. Kamu-\u00f6zel sekt\u00f6r i\u015f birli\u011finin g\u00fcvenlik ekosistemine etkisi, g\u00fcvenilir yapay zek\u00e2 uygulamalar\u0131 ve gelece\u011fin g\u00fcvenlik mimarileri de oturumun odak noktalar\u0131 aras\u0131nda yer alacak.<\/p>\n<p>Geli\u015fen risk ortam\u0131nda stratejik bir yol haritas\u0131 olu\u015fturmak isteyen y\u00f6neticiler, g\u00fcvenlik profesyonelleri ve teknoloji liderleri i\u00e7in de\u011ferli bir rehber niteli\u011fi ta\u015f\u0131yan bu oturum, yapay zek\u00e2 destekli g\u00fcvenli\u011fin gelece\u011fine \u0131\u015f\u0131k tutuyor.<\/p>\n","protected":false},"excerpt":{"rendered":"<p>OTURUM 1 : Kamu ve \u00d6zel Sekt\u00f6rde Yapay Zek\u00e2 Tabanl\u0131 G\u00fcvenlik Yakla\u015f\u0131mlar\u0131 Yapay zek\u00e2, g\u00fcvenlik alan\u0131nda k\u00f6kl\u00fc bir d\u00f6n\u00fc\u015f\u00fcm yarat\u0131rken hem kamu kurumlar\u0131n\u0131n hem de \u00f6zel<span class=\"excerpt-hellip\"> [\u2026]<\/span><\/p>\n","protected":false},"author":1,"featured_media":-1,"parent":455,"menu_order":0,"comment_status":"closed","ping_status":"closed","template":"","meta":{"rs_blank_template":"","rs_page_bg_color":"","slide_template_v7":"","footnotes":""},"class_list":["post-849","page","type-page","status-publish","has-post-thumbnail","hentry"],"_links":{"self":[{"href":"https:\/\/www.siberguvenlikzirvesi.org.tr\/2026\/wp-json\/wp\/v2\/pages\/849","targetHints":{"allow":["GET"]}}],"collection":[{"href":"https:\/\/www.siberguvenlikzirvesi.org.tr\/2026\/wp-json\/wp\/v2\/pages"}],"about":[{"href":"https:\/\/www.siberguvenlikzirvesi.org.tr\/2026\/wp-json\/wp\/v2\/types\/page"}],"author":[{"embeddable":true,"href":"https:\/\/www.siberguvenlikzirvesi.org.tr\/2026\/wp-json\/wp\/v2\/users\/1"}],"replies":[{"embeddable":true,"href":"https:\/\/www.siberguvenlikzirvesi.org.tr\/2026\/wp-json\/wp\/v2\/comments?post=849"}],"version-history":[{"count":1,"href":"https:\/\/www.siberguvenlikzirvesi.org.tr\/2026\/wp-json\/wp\/v2\/pages\/849\/revisions"}],"predecessor-version":[{"id":1120,"href":"https:\/\/www.siberguvenlikzirvesi.org.tr\/2026\/wp-json\/wp\/v2\/pages\/849\/revisions\/1120"}],"up":[{"embeddable":true,"href":"https:\/\/www.siberguvenlikzirvesi.org.tr\/2026\/wp-json\/wp\/v2\/pages\/455"}],"wp:featuredmedia":[{"embeddable":true,"href":"https:\/\/www.siberguvenlikzirvesi.org.tr\/2026\/wp-json\/"}],"wp:attachment":[{"href":"https:\/\/www.siberguvenlikzirvesi.org.tr\/2026\/wp-json\/wp\/v2\/media?parent=849"}],"curies":[{"name":"wp","href":"https:\/\/api.w.org\/{rel}","templated":true}]}}